rivative of -3*l + 1/6*l**3 + 0 + 2*l**2. Calculate t(-4).
0
Let w = 1 + 19. Suppose 0*v - v - 15 = 3*b, -4*b - w = 2*v. Let z(i) = -3 + 4*i - 2 + 7*i - 12*i. What is z(v)?
-5
Let s be (-3)/4 - (-66)/24. Let v(f) = -3*f - 3 + 1 + s*f. Let u be (-1)/(-4) - 26/8. Calculate v(u).
1
Let a(r) = -r**3 - r**2 - r - 1. Let i be a(-1). Suppose 6*x - 2*x - 12 = i. Let j(u) = -3 + 4 - 2*u - x*u. Give j(-1).
6
Let o(k) = 12*k**2 + 1. Suppose 2*r + 1 = r. Give o(r).
13
Let l(p) = p - 5. Let t be l(0). Let w(b) = b**3 + 6*b**2 + 6*b - 3. Determine w(t).
-8
Let z(c) = c - c - 7*c - c**2 + 1. Give z(-6).
7
Let k(f) = 2*f + 8. Suppose -i = 3*c + 14, -c + 6*i - 3*i - 18 = 0. Give k(c).
-4
Let w(j) = -15 + 5*j + 13 + 4 + 7*j**2 + j**3. What is w(-6)?
8
Let o(l) = -l - 6. Let a(c) = c**2 - 6*c - 6. Let h be a(7). Let x = h + -1. What is o(x)?
-6
Let i(t) = 2*t - 10. Let j be i(7). Let d(x) = 5*x - 6. Determine d(j).
14
Let p(w) = -w**3 + 4*w**2 + w + 5. Let f be p(4). Let x = f + -5. Let v(n) = 5*n - 6*n + 4 + 0*n. What is v(x)?
0
Let h be (-3 - 4 - -2)/(-1). Let w(v) = -2*v - h + v + 2. Give w(0).
-3
Let f(y) = 3*y + 1. Let q = -17 + 15. What is f(q)?
-5
Let b be -6 + 4 - (-4)/2. Let q = b - -5. Let y(x) = -x**2 + 8*x - 7. What is y(q)?
8
Let v(s) = s**3 + s + 4. Let x be (1 + -3)/(-2)*6. Let j be 0/(1/(3/x)). Determine v(j).
4
Let b(x) = x**3 + 3*x**2 + 5*x + 3. Suppose s + 2*m = -3*m - 3, s - 2*m + 3 = 0. Give b(s).
-12
Let t(z) = -2*z**3 + 4*z + 3. Let y(c) = c**2 - 3*c. Let i be y(2). What is t(i)?
11
Let y(f) = -f**3. Let p(c) = -7*c**3 - 6*c**2 - c - 2. Let o(g) = -p(g) + 6*y(g). Let h be 9/(9/(-4)) - 20. Let v be ((-21)/28)/((-3)/h). What is o(v)?
-4
Let b(q) = -q**2 - 5*q + 8. Let m be b(-6). Let d(n) = -n + n**3 + 0*n + 2*n + m*n**2 + 0*n**2. Calculate d(-1).
0
Suppose -3*v + 4*v = -x - 6, 0 = 5*x + 4*v + 25. Let h(g) = -g**2 + 2*g**2 + 2 - 8*g**3 - g - 3. Determine h(x).
9
Let a(d) = -d**3 - 6*d**2 - 6*d. Let t(i) = -i**3 - 6*i**2 - 6*i - 1. Let c(h) = -5*a(h) + 6*t(h). What is c(-5)?
-1
Suppose -4*c = 31 - 19. Let j(m) = m**2 - m. Let a(n) = n**3 + n**2 + 2*n - 2. Let y(p) = -a(p) - 2*j(p). Give y(c).
2
Let f(b) = b**3 - 8*b**2 + 6*b + 7. Let g be f(7). Let n(d) = d - 15. Calculate n(g).
-15
Let s(n) be the first derivative of n**4/4 - 4*n**3/3 - 2*n**2 + 3*n + 30. Determine s(5).
8
Let o(k) be the first derivative of -k**3/3 + 5*k**2/2 - 2*k - 1. Suppose -2*x = -x. Let f(i) = -i**2 + i + 3. Let h be f(x). Determine o(h).
4
Suppose 5*j + 2*f - 8 = 0, 0*j - 4*f + 16 = -5*j. Let d(w) be the third derivative of 3*w**2 - 1/24*w**4 - 5/6*w**3 + 0*w + 0 + 1/60*w**5. Give d(j).
-5
Let q(b) = 3*b + 4. Let g(m) = 13*m + 17. Let d(j) = -4*g(j) + 18*q(j). Determine d(-9).
-14
Let v(p) = -p - 2*p**2 + 2 + p. Let w(d) = -2*d - 4. Let j be w(-3). Let k = 0 - j. What is v(k)?
-6
Let v be (-2)/(-2) + (-2 - -18). Let m = v - -1. Suppose 5*g - m = -3*w, -4*g = w - 3*g - 6. Let h(s) = s + 3. Calculate h(w).
9
Let t be -1*(3 - -3)/1. Let w(m) = m**2 + 6*m + 4. Let i be w(t). Let a(u) = u**2 - u - 4. What is a(i)?
8
Suppose 0*y - 20 = -y. Suppose -3*f - y = 2*f. Let x be (-2)/5*(-1 + f). Let l(t) = -3*t. What is l(x)?
-6
Let g(a) = -a - 1. Let u be ((-12)/15)/((-3)/15). Suppose 0 = -4*l + 16, 4*r - 22 = -u*l + 2. Suppose t + 3 = r. Determine g(t).
0
Let m(g) be the first derivative of 3*g**2/2 + 9. Calculate m(-2).
-6
Let v be (0 + -2)/((-6)/(-12)). Let m(c) be the third derivative of c**6/720 + c**5/24 - c**4/24 - c**2. Let u(s) be the second derivative of m(s). Give u(v).
1
Let c(z) = -z**3 - 8*z**2 - 7*z + 6. Let n be c(-7). Let r(l) = -l + 1. Let b(w) = w - 2. Let x(g) = -6*b(g) - 5*r(g). What is x(n)?
1
Let k(v) = -v**2 + 7*v + 5. Let h(s) = -s**3 - 5*s**2 + s + 9. Let t be h(-5). Suppose -7*l + 18 = -t*l. Determine k(l).
11
Let o(x) = x**2 + x + 2. Suppose 3*p + 48 = 4*s, 3*s + 4*p - 36 = 3*p. Let y be ((-5)/(-15))/(2/s). Give o(y).
8
Suppose -4*d = 4*m - 4, 2 = d - 3*d. Let p(s) = 5 + 3*s**m - s + 0*s**2 - s**2 - s**2. Calculate p(0).
5
Let c(d) = -4*d**3 + d**2 - 6*d - 3 - 2*d - d. Let h(r) = -5*r**3 + 2*r**2 - 10*r - 4. Let p(g) = 6*c(g) - 5*h(g). Suppose -2 - 3 = -u. Give p(u).
7
Let o = -23 - -15. Let h = -5 - o. Let y(c) = -3*c**3 + 2*c**2 + 2 - 9*c + 7*c + 4*c**h - 4. Give y(2).
10
Let v(w) = w**2 - 3*w + 5. Suppose 3*p = p + 8. Calculate v(p).
9
Suppose u + 4 - 2 = 0, -3*i - 4*u = 26. Let r(w) = -2*w - 8. Determine r(i).
4
Let d(y) be the third derivative of -y**5/60 + 5*y**4/24 + 7*y**3/6 - 9*y**2 - 4. Give d(5).
7
Let a(n) = -n**3 + n**2 - 1. Let w be a(-1). Let i(o) = -13*o**2 + 2*o - 1. Determine i(w).
-12
Let p be (-12)/4 - (-4 + -2). Suppose q - 2*t + 3 = 0, -7 - p = 5*q - 5*t. Let h(a) be the first derivative of a**3 - a**2/2 + 1. Determine h(q).
4
Let b(l) = -2*l - 12. Let q be b(-4). Let i(c) = c**2 + 4*c - 5. What is i(q)?
-5
Let f(g) = -1 + 4*g + 3 - 3. Let d = 2 - 3. Determine f(d).
-5
Let k(s) = -s**2 + 5*s + 1. Let a be 1/(-3) - (-78)/18. Let f be (5 - a)*(6 - 1). What is k(f)?
1
Let y(l) = -5*l + 4. Let s(n) = -n**2 - 4*n + 1. Let z be s(-4). Let m(g) = -1. Let k(a) = z*y(a) + 4*m(a). Determine k(-1).
5
Let z(l) = -l**3 - 2*l**2 + l**2 - 1 + 2*l**3 - 1. Let h be z(2). Let r(p) = -6 - p + 2*p - 2*p**2 + 3*p**h. Give r(0).
-6
Let c(u) be the first derivative of -u**3/3 + 9*u**2/2 - 9*u - 21. Calculate c(7).
5
Let d(p) = 4*p**2 - p. Let a = 7 - 3. Let i be (-2)/(-6) + 40/(-12). Let o = i + a. Give d(o).
3
Let c be 3 + -2 + (-2 - -2). Suppose -c = -m + 2*i, -13 = -4*m + i - 2*i. Let h(p) = 4*p**m - 3*p**3 + p**3. Calculate h(-1).
-2
Let t(z) = -25*z**3 + 0*z + 2*z - 1 - z**2 + 23*z**3. Let h be t(1). Let w(n) = -n**2 - n + 1. What is w(h)?
-1
Let s(z) = -2*z**2 + 4*z + 6. Let x(p) = 3*p**2 - 9*p - 12. Let v(y) = -5*s(y) - 3*x(y). Let k be 2*1*10/(-4). Determine v(k).
-4
Let s(v) be the second derivative of -v**3/3 + 2*v**2 - 4*v. What is s(6)?
-8
Let p(i) = 2*i**3 - i**2. Suppose -d = -0*d + 2. Suppose -4*w = -3*k - 2*w + 10, -2*k - 4*w = 20. Let f be 2/(-2) + k/d. Calculate p(f).
-3
Let i be 0/(-3) + -2 - -2. Let j(f) = i*f**2 + 2*f**2 - 1 - f**2. Determine j(-3).
8
Suppose -28 = -4*i - 4*y, y = 5*i - y - 21. Let x(c) = -c + 6. What is x(i)?
1
Let z(q) = q**2 + 11*q + 3. Let w(t) = -9*t**3 - 2*t**2 - 6*t + 7. Let x be w(1). Determine z(x).
-7
Let a = -4 - -5. Let v be 0/((a + 0)*-1). Let p(t) be the second derivative of t**4/12 + 7*t**2/2 + 4*t. Determine p(v).
7
Let k(b) be the first derivative of b**3/3 + 14. Let s(q) = q**2 - 7*q + 6. Let u be s(6). Calculate k(u).
0
Let n(o) = o**3 - 9*o**2 + 9*o - 3. Let f be n(8). Let u(d) = -d**2 + 3*d - 6. Calculate u(f).
-16
Let x(i) be the third derivative of -i**6/120 + i**5/15 - i**4/6 + 2*i**3/3 - 13*i**2. Give x(4).
-12
Let k(f) = f**3 - 5*f**2 + f - 3. Let y = 12 - 7. Calculate k(y).
2
Let y = 4 - 3. Let c(m) = 1 + 4*m + 2*m + 0*m. What is c(y)?
7
Let j(b) = -3*b + 1. Suppose 0*c - 5*f = c - 10, 4*c = -f + 2. Let s be (3 - c/4) + 0. Calculate j(s).
-8
Let a(y) = -2*y - 1. Let m be a(-2). Let t(j) = -j**2 - 2*j + 3. Determine t(m).
-12
Let r(f) = 2*f - 15 + 6 + 7. Determine r(2).
2
Let v(l) = -l**3 + 10*l**2 + 10*l + 12. Let a be v(11). Let i(f) = -7*f**2. What is i(a)?
-7
Let r(z) be the first derivative of 9*z**5/20 + z**4/6 - z**3/6 - 2*z + 3. Let g(f) be the first derivative of r(f). Calculate g(1).
10
Let y(i) = 46*i - 4 - 26*i - 21*i. Calculate y(-3).
-1
Let y be (-1)/((-3)/(-4) - 1). Let l(o) = -o - 4*o + y*o + 0*o + 3. What is l(6)?
-3
Let m(b) = -b**2 - 5*b - 9. Let p(d) = -2*d**2 - 9*d - 19. Let a(f) = -9*m(f) + 4*p(f). Give a(-4).
-15
Suppose 2 = -n + 2*h, 2*n - 5*h + 2 = -2. Let q(a) = 10*a + 3. Give q(n).
-17
Let h(k) be the third derivative of k**2 - 1/2*k**3 + 0 + 1/12*k**4 + 0*k. Suppose -21*o + 19*o = -4. Determine h(o).
1
Let b(x) be the second derivative of -x**3/2 + 3*x**2/2 + 2*x. Let c(d) = d**2 - 7*d + 5. Let j be c(5). Let u = j - -9. Calculate b(u).
-9
Let f(p) = -p**3 - 7*p**2 - 6*p - 3. Suppose t = -6 - 0. What is f(t)?
-3
Suppose c + 5 - 9 = 0. Let x(i) be the second derivative of 1/12*i**c + 0 - 1/2*i**3 + 0*i**2 - i. What is x(3)?
0
Suppose -2*w + 6*w - 3*c - 44 = 0, 4*c = 5*w - 56. Suppose -19 = -4*i + 9. Suppose 5*d - w = i. Let g(h) = h**3 - 2*h**2 - 2*h + 1. Wh